hird derivative of 0 + 0*b**4 + 0*b - 2/15*b**5 + 0*b**3 + 5*b**2. Calculate y(1).
-8
Let l(b) = -b**3 + 7*b**2 - 4*b - 4. Let h = -43 - -22. Let g = 27 + h. Determine l(g).
8
Let w(b) = -4*b**3 - 11*b**2 + 11*b - 12. Let f(y) = y**3 + y**2 - y + 1. Let g(r) = -5*f(r) - w(r). Give g(5).
2
Suppose -12 = 4*j + 8. Let k(l) = 4*l + 16. Let i(o) = -o - 4. Suppose -5*p - 3*b - 7 - 47 = 0, 0 = -3*p - 2*b - 33. Let r(y) = p*i(y) - 2*k(y). Calculate r(j).
-1
Let g be 32/18 + (-2)/(-9). Suppose 0 = i + g. Let k be 10*((-6)/4 - i). Let n(z) = -z**3 + 5*z**2 + z - 2. Calculate n(k).
3
Let q(m) = 3*m - 3. Let y be ((-3)/(-4))/((-2)/(-8)). What is q(y)?
6
Let j(m) = -3*m**2 - 11*m + 2. Let z(o) = 8*o**2 + 32*o - 6. Suppose -2*t - 32 = -10. Let i(h) = t*j(h) - 4*z(h). Give i(5).
-8
Suppose 3*u + 9 = 27. Let j(k) = k**2 - 7*k - 7 + 1 + u*k. What is j(0)?
-6
Suppose 0 = 4*y + 3*r + 5, 0 = -2*y + 4*y + 3*r + 1. Let v = -3 - -6. Let z(w) = 1 + 2*w**2 + 4*w**3 - 5*w**2 - 4*w**v - 2*w - w**3. Give z(y).
1
Let f(l) = -l - 3. Let d = 60 - 64. Suppose -17 = 3*r - 2*c, 4*r + c + 32 = -c. Let j = d - r. Give f(j).
-6
Suppose -4*p = -4, -5*c + p = -12 + 3. Let z(y) = 5*y**2 - 4*y + 3. What is z(c)?
15
Let u(g) = g**3 + 4*g**2 + 3*g. Let b = -8 + 10. Suppose b*q = 5*f - q, -2*f = -4*q - 14. Determine u(f).
0
Let y(p) = p + 2. Let n(s) = -s - 1. Let v be n(-5). Let i = v + 1. Let f = -7 + i. Determine y(f).
0
Let z(h) = -3*h + 9. Let r(g) = g - 4. Let n(a) = 5*r(a) + 2*z(a). Let k(f) = f**3 + 11*f**2 - f - 9. Let y be k(-11). Calculate n(y).
-4
Let h(m) = 7*m + 7. Let s(x) = 4*x + 4. Let u(d) = 3*h(d) - 5*s(d). Determine u(-3).
-2
Suppose p - 6 = -2*p. Let y(l) = l**3 - 4*l**p + 2*l - 3 + 2 + 0*l**3 - l. What is y(3)?
-7
Let u(q) = -q**3 + 4*q**2 + 7*q - 5. Let l be u(5). Let o(x) = -2*x**3 + 7*x**2 + 7*x - 6. Let f be o(4). Let c(t) = -11 + 3*t - f*t + 4*t. Calculate c(l).
-6
Let j(s) be the third derivative of s**6/120 + s**5/60 + s**2. Let f be (35/7)/(1 + 0). Suppose -f*z - 2 = -12, -8 = 2*x - 2*z. What is j(x)?
-4
Let i(n) be the third derivative of n**9/12096 - n**7/5040 - n**5/60 + 4*n**2. Let u(k) be the third derivative of i(k). Give u(-1).
-4
Suppose -3*l - 8 = -g, -2*g + 3 = -l + 2. Let v(u) be the first derivative of 1/2*u**2 + 5*u - 1. Give v(l).
2
Let b(y) = -4 + 8*y - 3*y + 2*y**2 - 3*y**2. Suppose 26*p = 51 + 79. Give b(p).
-4
Let g(y) = y**2 + 4*y - 3. Let x be g(-4). Let v(t) = -t**3 + 2*t**2 + 5*t - 2. Let o(w) = w**3 - w**2 - 5*w + 1. Let b(i) = 4*o(i) + 3*v(i). Determine b(x).
4
Let d(z) = z**2 + 4*z - 4. Suppose 0*m = m + 2*c - 17, 0 = -3*m + 4*c + 61. Suppose 0 = 6*k - m + 49. Give d(k).
1
Let t be 2*(3 + (-3)/2). Let y(d) be the first derivative of -2 + 5/3*d**t + 1/4*d**4 + 7/2*d**2 + 5*d. Determine y(-4).
-7
Suppose 2*t + 3*t = 0. Suppose 2*f - f - 6 = t. Let z(m) = -3*m**2 + 4*m + f*m**2 - 2*m**2. Determine z(-3).
-3
Let i(b) = 3*b**3 - 3*b**2 + 3*b. Let x be (-13)/(-7) - (-17)/119. Calculate i(x).
18
Let j = -49 - -53. Let q(c) = -7*c + 4. What is q(j)?
-24
Let r(u) = u**2 + 5*u + 2. Let h be r(-4). Let i(n) = 28 + 4*n + n**3 - n - 25. What is i(h)?
-11
Suppose 0 + 3 = -3*b, 3*k = -5*b - 17. Let n = -5 - k. Let f(q) = 4*q + 1 + 2*q + 2*q. Calculate f(n).
-7
Let j(v) = -v**2 - 5*v - 2. Let z be j(-4). Let p = 8 + -4. Let w(k) = -3 + z - 2*k - p. Calculate w(-6).
7
Let i(z) = -z**2 + 8*z + 3. Suppose 2*q = -5*m + 16, m - 2 + 34 = 4*q. Determine i(q).
3
Suppose -n + 10 = -5*d, n + d + 2 = -0. Let w(p) = p**2 - p - 2. What is w(n)?
-2
Let y(o) = -o - 2*o**3 + o**2 - 10 + 28 - 11 - 8. Determine y(-1).
3
Let s(p) = -p**3 - p + 4. Let o(g) = g**2 - 12*g - 28. Let d be o(14). Determine s(d).
4
Let d(b) = -b**2 - 6*b + 2. Let v = 21 + -17. Let q(r) be the third derivative of r**5/60 - 5*r**4/24 - r**3/6 - 2*r**2. Let m be q(v). Calculate d(m).
7
Let w(d) be the second derivative of 0 + d - d**3 - 3/2*d**2 - 1/12*d**4. What is w(-4)?
5
Let h(t) be the second derivative of t**5/20 + 5*t**4/12 - 2*t**3/3 + 4*t**2 - 10*t. What is h(-6)?
-4
Suppose 5*r + 2*b - 4 = 9*r, 3*r = 3*b - 9. Let q(j) = j**3 - j**2. Let t(o) = 4*o**3 + 4*o**2 + o - 1. Let x(a) = -5*q(a) - t(a). Give x(r).
-8
Let t(v) = -v**3 + 11*v**2 + 12*v + 7. Let i be t(12). Let d(k) = 2*k**2 + 8*k - 13. Let x(n) = -n**2 - 8*n + 12. Let l(y) = -2*d(y) - 3*x(y). Determine l(i).
-3
Let g(l) = -5*l**3 + l**2 - l. Let z be (-2)/(-11) + 171/209. Calculate g(z).
-5
Let d(t) = -t**2 - t. Let j(x) = 7*x**2 + 3. Suppose -3*g - 5 = -l, 3*g + 6 + 5 = 4*l. Let a(k) = g*j(k) - 6*d(k). Let b = 8 + -3. Calculate a(b).
2
Let d be -2*1 + 0 + -4. Let w(a) = 7*a - 7. Suppose -12 = -4*s - 2*p, p - 5 = -2*s + s. Let o(r) = r - 1. Let q(j) = d*o(j) + s*w(j). Calculate q(-2).
-3
Let c(s) be the first derivative of 0*s - 1 - 9/2*s**2. Calculate c(-1).
9
Let f = -29 - -26. Let s(c) = 4*c**2 + 2*c - 2. Let w(x) = -5*x**2 - 3*x + 2. Let y = 0 - 5. Let b(r) = y*w(r) - 6*s(r). Calculate b(f).
2
Let c = -17 - -12. Let f = -16 - -23. Let y(n) = 7 + 3*n**2 + 3*n**2 + n**3 + 0*n**3 + f*n. Determine y(c).
-3
Let m = 24 - 18. Let f(p) = -p**3 + 7*p**2 - 3*p - 8. Give f(m).
10
Let z(v) be the second derivative of -v**6/720 - 7*v**5/60 + 2*v**4/3 - 3*v. Let s(a) be the third derivative of z(a). Calculate s(0).
-14
Let l be (5/15)/(2/12). Let a(c) = -2*c + 0 + l + 3*c + 0*c. Calculate a(0).
2
Let f(b) = b**2 + 0 + 5*b - 3*b + b**2 - 1. What is f(-2)?
3
Let y(q) = 2 - 3*q**3 - 4 + 1 - 3*q**3. What is y(-1)?
5
Let m be ((-12)/16)/((-2)/8). Suppose -w + 4*n = -3*w + 16, m*n = -2*w + 14. Suppose -4 = -2*p + w*p. Let s(v) = v**3 + v**2 - 4*v - 3. Give s(p).
1
Let k = 18 + -21. Let g(w) = -w - 3. Calculate g(k).
0
Let y(w) = -3*w**3 + w**2 + w + 1. Let o be y(-1). Suppose -o*p + 4 = 28. Let a(r) = -r - 5. Give a(p).
1
Let h(f) = -f**2 + 6*f**3 - 4*f - f**2 + 2*f - 1. Let t(c) = -c**2 + 6*c - 6. Let r = -10 - -15. Let n be t(r). Give h(n).
-7
Let n be 12/(-30) + (-12)/(-5). Let k(s) = s**2 - 5*s + 3. What is k(n)?
-3
Let t(l) be the second derivative of l**3/3 + l**2/2 + 4*l. Determine t(-3).
-5
Let q(a) = -17*a - 7. Let s(z) = -15*z - 7. Let y(g) = -6*q(g) + 7*s(g). What is y(-5)?
8
Let s(l) = 0 + 7 - 7 - 3*l. Determine s(4).
-12
Let r be (2 + 12/(-15))*50/(-15). Let j(u) = -u + 2. Let k(m) = m - 1. Let c(t) = -5*j(t) - 7*k(t). Calculate c(r).
5
Let d(g) = 8*g - 8. Let f(z) = 12*z - 13. Let a(x) = 8*d(x) - 5*f(x). Give a(-6).
-23
Let f be 14/(-10) - 12/(-30). Let g(d) = -10*d**2 - 1. Calculate g(f).
-11
Let a(x) = x**2 + 5*x - 7. Let j be a(-5). Let d = -4 - j. Let u(w) = -2 - d*w + 7*w - 3*w. What is u(-3)?
-5
Let p(x) be the first derivative of x**5/120 + x**4/6 - 4*x**3/3 + 5. Let n(g) be the third derivative of p(g). Give n(5).
9
Let x(d) = d - 5. Let q = -3 - -8. What is x(q)?
0
Let z be 2/((1 - 0)*1). Let r(q) = 4*q + 3*q**z - q**3 + 3*q**3 - 3*q**3 - 3. Let n = 15 - 11. Calculate r(n).
-3
Let t(h) = h**3 - 5*h**2 + h - 7. Suppose 2*k = -3*o + 23, -2*k = 3*k - 3*o - 5. Let d(p) = p + 1. Let v be d(k). Give t(v).
-2
Let g(l) = l**2 + 5*l - 5. Let b be (-2 - 0) + -6 + 2. Let h be g(b). Let c(n) = -2*n**2 + n. Determine c(h).
-1
Let p(d) = 1. Suppose 3*h + h - 8 = 0. Let i(m) = -m - 4. Let g(b) = h*i(b) + 6*p(b). What is g(-4)?
6
Let k be -1 + ((-63)/6)/(-7). Let d(s) be the second derivative of 0 + s - 1/6*s**3 - k*s**2. What is d(-4)?
3
Suppose -3*d + 3 = 3*r, -2*d - 22 = -0*d - 4*r. Let q(p) = -p**2 - 4*p - 4. Calculate q(d).
-1
Let g(m) = 5*m**3 + 3*m**2 + 4*m. Let z(c) = -4*c**3 - 4*c**2 - 5*c. Let s(n) = -5*g(n) - 4*z(n). Let r = -3 - -4. Determine s(r).
-8
Suppose 5*y = i + 20, -7 = 4*y - 4*i - 23. Let c be 8/y - 2*-3. Let p(k) = 2*k - k**3 + c - k + k**2 + 0*k**2. What is p(0)?
8
Let t(v) = -v**3 - 6*v**2 + 4. Let q be t(-6). Let p(l) be the third derivative of 0 + 1/60*l**5 + 0*l + 1/3*l**3 + 3*l**2 - 1/4*l**4. Determine p(q).
-6
Let r(o) = -1. Let w(q) = q + 2. Let y(t) = 2*r(t) + w(t). Let x(h) = -4*h + 3. Let l(i) = -x(i) - 3*y(i). Calculate l(-4).
-7
Let a = 2 + -7. Let v(d) = -3*d - 7. Give v(a).
8
Let n(l) = -3 + 2*l + 5 - 8*l - 4. Give n(-3).
16
Let y(w) = -w**3 - 9*w**2 - 5*w - 5. Suppose m + 3 = -14. Let x(u) = 3*u**3 + 26*u**2 + 14*u + 14. Let a(c) = m*y(c) - 6*x(c). Calculate a(-3).
-2
Let z(y) = -y**3 + 5*y**2 